{"id":116,"date":"2008-11-25T15:42:33","date_gmt":"2008-11-25T13:42:33","guid":{"rendered":"http:\/\/econoweb.es\/?page_id=116"},"modified":"2008-11-25T17:21:40","modified_gmt":"2008-11-25T15:21:40","slug":"tema-1-la-actividad-economica-y-los-sistema-economicos","status":"publish","type":"page","link":"http:\/\/econoweb.es\/?page_id=116","title":{"rendered":"Tema 1 La actividad econ\u00f3mica y los sistema econ\u00f3micos."},"content":{"rendered":"<p>Aqu\u00ed podr\u00e9is encontrar vi\u00f1etas de las siguientes tem\u00e1ticas:<\/p>\n<blockquote><p>\n&#8211;\tEconom\u00eda y escasez.<br \/>\n&#8211;\tRelaciones de intercambio y evoluci\u00f3n hist\u00f3rica.<br \/>\n&#8211;\tLos sistemas econ\u00f3micos.<br \/>\n&#8211;\tLos agentes econ\u00f3micos<br \/>\n&#8211;\tEvoluci\u00f3n del pensamiento econ\u00f3mico\n<\/p><\/blockquote>\n<p><a href=\"http:\/\/econoweb.es\/?page_id=115\"><img decoding=\"async\" src=\"http:\/\/www.econoweb.es\/imagenes\/noticias2\/atras.jpg\" border=\"0\"><\/a><br \/>\n<\/p>\n<p><a  target='_blank' href='http:\/\/www.econoweb.es\/imagenes\/v1\/img\/1a1.jpg'><img src='http:\/\/www.econoweb.es\/imagenes\/v1\/img\/_1a1.jpg'><\/a><br \/>\n<a  target='_blank' href='http:\/\/www.econoweb.es\/imagenes\/v1\/img\/1a2.jpg'><img src='http:\/\/www.econoweb.es\/imagenes\/v1\/img\/_1a2.jpg'><\/a><br \/>\n<a  target='_blank' href='http:\/\/www.econoweb.es\/imagenes\/v1\/img\/1a3.jpg'><img src='http:\/\/www.econoweb.es\/imagenes\/v1\/img\/_1a3.jpg'><\/a><br \/>\n<a  target='_blank' href='http:\/\/www.econoweb.es\/imagenes\/v1\/img\/1a4.jpg'><img src='http:\/\/www.econoweb.es\/imagenes\/v1\/img\/_1a4.jpg'><\/a><br \/>\n<a  target='_blank' href='http:\/\/www.econoweb.es\/imagenes\/v1\/img\/1a5.jpg'><img src='http:\/\/www.econoweb.es\/imagenes\/v1\/img\/_1a5.jpg'><\/a><br \/>\n<a  target='_blank' href='http:\/\/www.econoweb.es\/imagenes\/v1\/img\/1a6.jpg'><img src='http:\/\/www.econoweb.es\/imagenes\/v1\/img\/_1a6.jpg'><\/a><br \/>\n<a  target='_blank' href='http:\/\/www.econoweb.es\/imagenes\/v1\/img\/1a7.jpg'><img src='http:\/\/www.econoweb.es\/imagenes\/v1\/img\/_1a7.jpg'><\/a><br \/>\n<a  target='_blank' href='http:\/\/www.econoweb.es\/imagenes\/v1\/img\/1a8.jpg'><img src='http:\/\/www.econoweb.es\/imagenes\/v1\/img\/_1a8.jpg'><\/a><br \/>\n<a  target='_blank' href='http:\/\/www.econoweb.es\/imagenes\/v1\/img\/1a9.jpg'><img src='http:\/\/www.econoweb.es\/imagenes\/v1\/img\/_1a9.jpg'><\/a><br \/>\n<a  target='_blank' href='http:\/\/www.econoweb.es\/imagenes\/v1\/img\/1a10.jpg'><img src='http:\/\/www.econoweb.es\/imagenes\/v1\/img\/_1a10.jpg'><\/a><br \/>\n<a  target='_blank' href='http:\/\/www.econoweb.es\/imagenes\/v1\/img\/1a11.jpg'><img src='http:\/\/www.econoweb.es\/imagenes\/v1\/img\/_1a11.jpg'><\/a><br \/>\n<a  target='_blank' href='http:\/\/www.econoweb.es\/imagenes\/v1\/img\/1a12.jpg'><img src='http:\/\/www.econoweb.es\/imagenes\/v1\/img\/_1a12.jpg'><\/a><br \/>\n<a  target='_blank' href='http:\/\/www.econoweb.es\/imagenes\/v1\/img\/1a13.jpg'><img src='http:\/\/www.econoweb.es\/imagenes\/v1\/img\/_1a13.jpg'><\/a><br \/>\n<a  target='_blank' href='http:\/\/www.econoweb.es\/imagenes\/v1\/img\/1a14.jpg'><img src='http:\/\/www.econoweb.es\/imagenes\/v1\/img\/_1a14.jpg'><\/a><br \/>\n<a  target='_blank' href='http:\/\/www.econoweb.es\/imagenes\/v1\/img\/1a15.jpg'><img src='http:\/\/www.econoweb.es\/imagenes\/v1\/img\/_1a15.jpg'><\/a><br \/>\n<a  target='_blank' href='http:\/\/www.econoweb.es\/imagenes\/v1\/img\/1a16.jpg'><img src='http:\/\/www.econoweb.es\/imagenes\/v1\/img\/_1a16.jpg'><\/a><br \/>\n<a  target='_blank' href='http:\/\/www.econoweb.es\/imagenes\/v1\/img\/1a17.jpg'><img src='http:\/\/www.econoweb.es\/imagenes\/v1\/img\/_1a17.jpg'><\/a><\/p>\n","protected":false},"excerpt":{"rendered":"<p>Aqu\u00ed podr\u00e9is encontrar vi\u00f1etas de las siguientes tem\u00e1ticas: &#8211; Econom\u00eda y escasez. &#8211; Relaciones de intercambio y evoluci\u00f3n hist\u00f3rica. &#8211; Los sistemas econ\u00f3micos. &#8211; Los agentes econ\u00f3micos &#8211; Evoluci\u00f3n del pensamiento econ\u00f3mico<\/p>\n","protected":false},"author":1,"featured_media":0,"parent":0,"menu_order":0,"comment_status":"open","ping_status":"open","template":"","meta":{"footnotes":""},"class_list":["post-116","page","type-page","status-publish","hentry"],"_links":{"self":[{"href":"http:\/\/econoweb.es\/index.php?rest_route=\/wp\/v2\/pages\/116","targetHints":{"allow":["GET"]}}],"collection":[{"href":"http:\/\/econoweb.es\/index.php?rest_route=\/wp\/v2\/pages"}],"about":[{"href":"http:\/\/econoweb.es\/index.php?rest_route=\/wp\/v2\/types\/page"}],"author":[{"embeddable":true,"href":"http:\/\/econoweb.es\/index.php?rest_route=\/wp\/v2\/users\/1"}],"replies":[{"embeddable":true,"href":"http:\/\/econoweb.es\/index.php?rest_route=%2Fwp%2Fv2%2Fcomments&post=116"}],"version-history":[{"count":0,"href":"http:\/\/econoweb.es\/index.php?rest_route=\/wp\/v2\/pages\/116\/revisions"}],"wp:attachment":[{"href":"http:\/\/econoweb.es\/index.php?rest_route=%2Fwp%2Fv2%2Fmedia&parent=116"}],"curies":[{"name":"wp","href":"https:\/\/api.w.org\/{rel}","templated":true}]}}